{"id":1624,"date":"2020-12-07T12:03:21","date_gmt":"2020-12-07T11:03:21","guid":{"rendered":"http:\/\/codep45-ffct-org.fr\/?page_id=1624"},"modified":"2024-02-29T15:59:38","modified_gmt":"2024-02-29T14:59:38","slug":"randonnee-au-pais-des-soloignes","status":"publish","type":"page","link":"https:\/\/codep45-ffct-org.fr\/index.php\/les-randonnees-permanentes-du-loiret\/randonnee-au-pais-des-soloignes\/","title":{"rendered":"Randonn\u00e9e en Pa\u00efs des Solo\u00efgnes"},"content":{"rendered":"\n<figure class=\"wp-block-image size-large is-resized\"><img loading=\"lazy\" src=\"http:\/\/codep45-ffct-org.fr\/wp-content\/uploads\/2021\/01\/Logo-Veloenfrance_Page_1-2.jpeg\" alt=\"\" class=\"wp-image-2103\" width=\"389\" height=\"82\" srcset=\"https:\/\/codep45-ffct-org.fr\/wp-content\/uploads\/2021\/01\/Logo-Veloenfrance_Page_1-2.jpeg 791w, https:\/\/codep45-ffct-org.fr\/wp-content\/uploads\/2021\/01\/Logo-Veloenfrance_Page_1-2-300x64.jpeg 300w, https:\/\/codep45-ffct-org.fr\/wp-content\/uploads\/2021\/01\/Logo-Veloenfrance_Page_1-2-768x163.jpeg 768w, https:\/\/codep45-ffct-org.fr\/wp-content\/uploads\/2021\/01\/Logo-Veloenfrance_Page_1-2-370x79.jpeg 370w\" sizes=\"(max-width: 389px) 100vw, 389px\" \/><\/figure>\n\n\n\n<p class=\"has-text-align-right has-small-font-size\"><em>Mise \u00e0 Jour : 05\/12\/2020<\/em><\/p>\n\n\n\n<p><a href=\"https:\/\/veloenfrance.fr\/circuits?id_circuit=180140\" class=\"rank-math-link\"><em><strong>https:\/\/veloenfrance.fr\/circuits?id_circuit=180140<\/strong><\/em><\/a><\/p>\n\n\n\n<div class=\"wp-block-media-text alignwide is-stacked-on-mobile\"><figure class=\"wp-block-media-text__media\"><img loading=\"lazy\" width=\"1024\" height=\"957\" src=\"http:\/\/codep45-ffct-org.fr\/wp-content\/uploads\/2021\/01\/Carte-Randonnee-Pais-Soloignes-1024x957.jpg\" alt=\"\" class=\"wp-image-2030 size-full\" srcset=\"https:\/\/codep45-ffct-org.fr\/wp-content\/uploads\/2021\/01\/Carte-Randonnee-Pais-Soloignes-1024x957.jpg 1024w, https:\/\/codep45-ffct-org.fr\/wp-content\/uploads\/2021\/01\/Carte-Randonnee-Pais-Soloignes-300x280.jpg 300w, https:\/\/codep45-ffct-org.fr\/wp-content\/uploads\/2021\/01\/Carte-Randonnee-Pais-Soloignes-768x718.jpg 768w, https:\/\/codep45-ffct-org.fr\/wp-content\/uploads\/2021\/01\/Carte-Randonnee-Pais-Soloignes-1536x1436.jpg 1536w, https:\/\/codep45-ffct-org.fr\/wp-content\/uploads\/2021\/01\/Carte-Randonnee-Pais-Soloignes-370x346.jpg 370w, https:\/\/codep45-ffct-org.fr\/wp-content\/uploads\/2021\/01\/Carte-Randonnee-Pais-Soloignes-1040x972.jpg 1040w, https:\/\/codep45-ffct-org.fr\/wp-content\/uploads\/2021\/01\/Carte-Randonnee-Pais-Soloignes.jpg 1577w\" sizes=\"(max-width: 1024px) 100vw, 1024px\" \/><\/figure><div class=\"wp-block-media-text__content\">\n<p class=\"has-drop-cap has-medium-font-size\">ILa Sologne, d\u00e9pression de sables et d&rsquo;argiles, s&rsquo;\u00e9tend sur une superficie de 504 000 ha, dont le tiers en for\u00eats, entre la Loire au Nord, le Cher au Sud et les collines du Sancererois \u00e0 l&rsquo;Est.<\/p>\n\n\n\n<p class=\"has-medium-font-size\">L&rsquo;histoire de la Sologne est le r\u00e9cit d&rsquo;une lutte sans fin contre l&rsquo;eau et la for\u00eat qui envahissent ce sol tr\u00e8s pauvre. Il faut attendre 1860 pour que Napol\u00e9on III mette en valeur cette r\u00e9gion d\u00e9vast\u00e9e par le paludisme et les maladies du seigle et du b\u00e9tail. Un Comit\u00e9 Central de la Sologne auquel appartenait l&rsquo;\u00e9crivain Labiche fait reboiser, ass\u00e9cher les \u00e9tangs, construire des routes et amender les terres.<\/p>\n<\/div><\/div>\n\n\n\n<div class=\"wp-block-media-text alignwide is-stacked-on-mobile\"><figure class=\"wp-block-media-text__media\"><img src=\"http:\/\/codep45-ffct-org.fr\/wp-content\/uploads\/2020\/12\/Carte-Randonn\u00e9e-Pais-Soloignes-1024x957.jpg\" alt=\"\" class=\"wp-image-1631 size-full\"\/><\/figure><div class=\"wp-block-media-text__content\">\n<p class=\"has-large-font-size\"><\/p>\n<\/div><\/div>\n\n\n\n<figure class=\"wp-block-table\"><table class=\"has-fixed-layout\"><tbody><tr><td><em>La population s&rsquo;accro\u00eet<\/em> <em>et la Sologne prend peu \u00e0 peu l&rsquo;aspect qu&rsquo;elle a encore aujourd&rsquo;hui.<\/em><br><em>C&rsquo;est une R\u00e9gion secr\u00e8te qui n&rsquo;attire pas l&rsquo;attention, mais qui montre toutes ses richesses \u00e0 qui sait les chercher. Vous d\u00e9couvrirez le charme m\u00e9lancolique de ses bois et de ses \u00e9tangs ; vous apercevrez quelques ch\u00e2teaux cach\u00e9s au milieu des pins ; vous devinerez la vie sauvage et secr\u00eate de ses for\u00eats et vous serez s\u00e9duit par le bon accueil du Solognot qu&rsquo;a si bien d\u00e9crit Maurice Genevoix.<br><\/em><\/td><td><div id=\"metaslider-id-1532\" style=\"max-width: 3000px;\" class=\"ml-slider-3-19-1 metaslider metaslider-nivo metaslider-1532 ml-slider\">\n    <div id=\"metaslider_container_1532\">\n        <div class='slider-wrapper theme-default'><div class='ribbon'><\/div><div id='metaslider_1532' class='nivoSlider'><img src=\"https:\/\/codep45-ffct-org.fr\/wp-content\/uploads\/2020\/12\/Randonn\u00e9e-Pa\u00efs-des-Solo\u00efgnes-01-332x199.jpg\" height=\"1800\" width=\"3000\" title=\"Randonn\u00e9e Pa\u00efs des Solo\u00efgnes 01\" alt=\"\" class=\"slider-1532 slide-1652\" \/><img src=\"https:\/\/codep45-ffct-org.fr\/wp-content\/uploads\/2020\/12\/Randonn\u00e9e-Pa\u00efs-des-Solo\u00efgnes-02-198x118.jpg\" height=\"1800\" width=\"3000\" title=\"Randonn\u00e9e Pa\u00efs des Solo\u00efgnes 02\" alt=\"\" class=\"slider-1532 slide-1653\" \/><img src=\"https:\/\/codep45-ffct-org.fr\/wp-content\/uploads\/2020\/12\/Randonn\u00e9e-Pa\u00efs-des-Solo\u00efgnes-03-303x181.jpg\" height=\"1800\" width=\"3000\" title=\"Randonn\u00e9e Pa\u00efs des Solo\u00efgnes 03\" alt=\"\" class=\"slider-1532 slide-1654\" \/><img src=\"https:\/\/codep45-ffct-org.fr\/wp-content\/uploads\/2020\/12\/Randonn\u00e9e-Pa\u00efs-des-Solo\u00efgnes-04-327x196.jpg\" height=\"1800\" width=\"3000\" title=\"Randonn\u00e9e Pa\u00efs des Solo\u00efgnes 04\" alt=\"\" class=\"slider-1532 slide-1655\" \/><img src=\"https:\/\/codep45-ffct-org.fr\/wp-content\/uploads\/2020\/12\/Randonn\u00e9e-Pa\u00efs-des-Solo\u00efgnes-05-356x213.jpg\" height=\"1800\" width=\"3000\" title=\"Randonn\u00e9e Pa\u00efs des Solo\u00efgnes 05\" alt=\"\" class=\"slider-1532 slide-1656\" \/><img src=\"https:\/\/codep45-ffct-org.fr\/wp-content\/uploads\/2020\/12\/Randonn\u00e9e-Pa\u00efs-des-Solo\u00efgnes-06-273x163.jpg\" height=\"1800\" width=\"3000\" title=\"Randonn\u00e9e Pa\u00efs des Solo\u00efgnes 06\" alt=\"\" class=\"slider-1532 slide-1657\" \/><img src=\"https:\/\/codep45-ffct-org.fr\/wp-content\/uploads\/2020\/12\/Randonn\u00e9e-Pa\u00efs-des-Solo\u00efgnes-07-326x195.jpg\" height=\"1800\" width=\"3000\" title=\"Randonn\u00e9e Pa\u00efs des Solo\u00efgnes 07\" alt=\"\" class=\"slider-1532 slide-1658\" \/><img src=\"https:\/\/codep45-ffct-org.fr\/wp-content\/uploads\/2020\/12\/Randonn\u00e9e-Pa\u00efs-des-Solo\u00efgnes-08-345x207.jpg\" height=\"1800\" width=\"3000\" title=\"Randonn\u00e9e Pa\u00efs des Solo\u00efgnes 08\" alt=\"\" class=\"slider-1532 slide-1659\" \/><img src=\"https:\/\/codep45-ffct-org.fr\/wp-content\/uploads\/2020\/12\/Randonn\u00e9e-Pa\u00efs-des-Solo\u00efgnes-09-474x284.jpg\" height=\"1800\" width=\"3000\" title=\"Randonn\u00e9e Pa\u00efs des Solo\u00efgnes 09\" alt=\"\" class=\"slider-1532 slide-1660\" \/><img src=\"https:\/\/codep45-ffct-org.fr\/wp-content\/uploads\/2020\/12\/Randonn\u00e9e-Pa\u00efs-des-Solo\u00efgnes-10-257x154.jpg\" height=\"1800\" width=\"3000\" title=\"Randonn\u00e9e Pa\u00efs des Solo\u00efgnes 10\" alt=\"\" class=\"slider-1532 slide-1661\" \/><img src=\"https:\/\/codep45-ffct-org.fr\/wp-content\/uploads\/2020\/12\/Randonn\u00e9e-Pa\u00efs-des-Solo\u00efgnes-11-352x211.jpg\" height=\"1800\" width=\"3000\" title=\"Randonn\u00e9e Pa\u00efs des Solo\u00efgnes 11\" alt=\"\" class=\"slider-1532 slide-1662\" \/><img src=\"https:\/\/codep45-ffct-org.fr\/wp-content\/uploads\/2020\/12\/Randonn\u00e9e-Pa\u00efs-des-Solo\u00efgnes-12-321x192.jpg\" height=\"1800\" width=\"3000\" title=\"Randonn\u00e9e Pa\u00efs des Solo\u00efgnes 12\" alt=\"\" class=\"slider-1532 slide-1663\" \/><\/div><\/div>\n        \n    <\/div>\n<\/div><\/td><\/tr><\/tbody><\/table><\/figure>\n\n\n\n<p class=\"has-medium-font-size\">Bonne route donc, et sachez d\u00e9couvrir toutes les richesses de ce pays calme et reposant, \u00e0 relief pratiquement inexistant. A vous de d\u00e9cider de votre lieu de d\u00e9part et des \u00e9tapes qui composeront votre parcours.<\/p>\n\n\n\n<p><em>Les amateurs des BCN et BPF n&rsquo;oublieront par leurs cartes<\/em> (<em>6 sites contr\u00f4l\u00e9s sur le parcours <\/em>:  <strong>CLERY ST ANDRE, CHAMBORD, ST AIGNAN SUR CHER, ROMORANTIN-LANTHENAY,  MEHUN SUR YEVRE, SOUVIGNY EN SOLOGNE<\/strong>)<\/p>\n\n\n\n<figure class=\"wp-block-image size-full is-resized\"><img loading=\"lazy\" src=\"http:\/\/codep45-ffct-org.fr\/wp-content\/uploads\/2020\/12\/Bandeau-Randonn\u00e9e-Permanente_Page_1-1.jpeg\" alt=\"\" class=\"wp-image-1667\" width=\"2264\" height=\"360\"\/><\/figure>\n\n\n\n<p><strong>Bulletin d&rsquo;Inscription :<\/strong><\/p>\n\n\n\n<p class=\"has-vivid-red-color has-text-color has-small-font-size\">  <em><strong>Cliquez sur l&rsquo;image pour obtenir le Pdf  du Bulletin d&rsquo;Inscription<\/strong><\/em>  <\/p>\n\n\n\n<figure class=\"wp-block-image size-medium\"><a href=\"http:\/\/codep45-ffct-org.fr\/wp-content\/uploads\/2020\/12\/Bulletin-Inscription-Randonn\u00e9e-PaIs-Solo\u00efgnes.pdf\"><img src=\"http:\/\/codep45-ffct-org.fr\/wp-content\/uploads\/2020\/12\/Bulletin-Inscription-Randonn\u00e9e-PaIs-Solo\u00efgnes-2-pdf-212x300.jpg\" alt=\"\" class=\"wp-image-1678\"\/><\/a><\/figure>\n","protected":false},"excerpt":{"rendered":"<p>Mise \u00e0 Jour : 05\/12\/2020 https:\/\/veloenfrance.fr\/circuits?id_circuit=180140 ILa Sologne, d\u00e9pression de sables et d&rsquo;argiles, s&rsquo;\u00e9tend sur une superficie de 504 000 ha, dont le tiers en for\u00eats, entre la Loire au Nord, le Cher au Sud[&#8230;]<\/p>\n","protected":false},"author":1,"featured_media":0,"parent":259,"menu_order":4,"comment_status":"closed","ping_status":"closed","template":"","meta":[],"_links":{"self":[{"href":"https:\/\/codep45-ffct-org.fr\/index.php\/wp-json\/wp\/v2\/pages\/1624"}],"collection":[{"href":"https:\/\/codep45-ffct-org.fr\/index.php\/wp-json\/wp\/v2\/pages"}],"about":[{"href":"https:\/\/codep45-ffct-org.fr\/index.php\/wp-json\/wp\/v2\/types\/page"}],"author":[{"embeddable":true,"href":"https:\/\/codep45-ffct-org.fr\/index.php\/wp-json\/wp\/v2\/users\/1"}],"replies":[{"embeddable":true,"href":"https:\/\/codep45-ffct-org.fr\/index.php\/wp-json\/wp\/v2\/comments?post=1624"}],"version-history":[{"count":28,"href":"https:\/\/codep45-ffct-org.fr\/index.php\/wp-json\/wp\/v2\/pages\/1624\/revisions"}],"predecessor-version":[{"id":5826,"href":"https:\/\/codep45-ffct-org.fr\/index.php\/wp-json\/wp\/v2\/pages\/1624\/revisions\/5826"}],"up":[{"embeddable":true,"href":"https:\/\/codep45-ffct-org.fr\/index.php\/wp-json\/wp\/v2\/pages\/259"}],"wp:attachment":[{"href":"https:\/\/codep45-ffct-org.fr\/index.php\/wp-json\/wp\/v2\/media?parent=1624"}],"curies":[{"name":"wp","href":"https:\/\/api.w.org\/{rel}","templated":true}]}}