{"id":1879,"date":"2020-12-17T09:27:37","date_gmt":"2020-12-17T08:27:37","guid":{"rendered":"http:\/\/codep45-ffct-org.fr\/?page_id=1879"},"modified":"2024-12-05T16:51:23","modified_gmt":"2024-12-05T15:51:23","slug":"concours-photos-annees-anterieures","status":"publish","type":"page","link":"https:\/\/codep45-ffct-org.fr\/index.php\/le-concours-photos-departemental\/concours-photos-annees-anterieures\/","title":{"rendered":"Concours Photos Ann\u00e9es 2017 \u00e0 2024"},"content":{"rendered":"\n<figure class=\"wp-block-image size-large is-resized\"><img loading=\"lazy\" src=\"http:\/\/codep45-ffct-org.fr\/wp-content\/uploads\/2020\/12\/Logo-Codep-45-5.png\" alt=\"\" class=\"wp-image-1874\" width=\"213\" height=\"91\"\/><\/figure>\n\n\n\n<p class=\"has-text-align-right has-small-font-size\"><em>Mise \u00e0 Jour : 05\/12\/2024<\/em><\/p>\n\n\n\n<div class=\"wp-block-media-text alignwide is-stacked-on-mobile\"><figure class=\"wp-block-media-text__media\"><img loading=\"lazy\" width=\"441\" height=\"592\" src=\"https:\/\/codep45-ffct-org.fr\/wp-content\/uploads\/2024\/12\/Laureate-2024.jpg\" alt=\"\" class=\"wp-image-6127 size-full\" srcset=\"https:\/\/codep45-ffct-org.fr\/wp-content\/uploads\/2024\/12\/Laureate-2024.jpg 441w, https:\/\/codep45-ffct-org.fr\/wp-content\/uploads\/2024\/12\/Laureate-2024-223x300.jpg 223w, https:\/\/codep45-ffct-org.fr\/wp-content\/uploads\/2024\/12\/Laureate-2024-370x497.jpg 370w\" sizes=\"(max-width: 441px) 100vw, 441px\" \/><\/figure><div class=\"wp-block-media-text__content\">\n<p style=\"font-size:30px\"><em>2024 &#8211; Concours Jeunes<\/em><\/p>\n\n\n\n<p><em>Martin BODY (Orl\u00e9ans Cyclotouriste)<\/em><\/p>\n<\/div><\/div>\n\n\n\n<div class=\"wp-block-media-text alignwide has-media-on-the-right is-stacked-on-mobile\"><figure class=\"wp-block-media-text__media\"><img loading=\"lazy\" width=\"500\" height=\"667\" src=\"https:\/\/codep45-ffct-org.fr\/wp-content\/uploads\/2024\/02\/Concours-Photos-2023.jpg\" alt=\"\" class=\"wp-image-5840 size-full\" srcset=\"https:\/\/codep45-ffct-org.fr\/wp-content\/uploads\/2024\/02\/Concours-Photos-2023.jpg 500w, https:\/\/codep45-ffct-org.fr\/wp-content\/uploads\/2024\/02\/Concours-Photos-2023-225x300.jpg 225w, https:\/\/codep45-ffct-org.fr\/wp-content\/uploads\/2024\/02\/Concours-Photos-2023-370x494.jpg 370w\" sizes=\"(max-width: 500px) 100vw, 500px\" \/><\/figure><div class=\"wp-block-media-text__content\">\n<p style=\"font-size:30px\"><em>2023 &#8211; Les Ch\u00e2teaux d&rsquo;eau<\/em><\/p>\n\n\n\n<p><em>Isabelle GROSJEAN  (Cyclos Ran donneurs Pointe de Courpin)<\/em><\/p>\n<\/div><\/div>\n\n\n\n<div class=\"wp-block-media-text alignwide is-stacked-on-mobile\"><figure class=\"wp-block-media-text__media\"><img loading=\"lazy\" width=\"1024\" height=\"768\" src=\"http:\/\/codep45-ffct-org.fr\/wp-content\/uploads\/2022\/11\/Photo-2022-n\u00b02.jpg\" alt=\"\" class=\"wp-image-4760 size-full\" srcset=\"https:\/\/codep45-ffct-org.fr\/wp-content\/uploads\/2022\/11\/Photo-2022-n\u00b02.jpg 1024w, https:\/\/codep45-ffct-org.fr\/wp-content\/uploads\/2022\/11\/Photo-2022-n\u00b02-300x225.jpg 300w, https:\/\/codep45-ffct-org.fr\/wp-content\/uploads\/2022\/11\/Photo-2022-n\u00b02-768x576.jpg 768w, https:\/\/codep45-ffct-org.fr\/wp-content\/uploads\/2022\/11\/Photo-2022-n\u00b02-370x278.jpg 370w\" sizes=\"(max-width: 1024px) 100vw, 1024px\" \/><\/figure><div class=\"wp-block-media-text__content\">\n<p style=\"font-size:30px\"><em>2022 &#8211; Les Coquelicots<\/em><\/p>\n\n\n\n<p><em>Patrick COMMUNAL Membres Ind\u00e9pendants 45 )<\/em><\/p>\n\n\n\n<p><\/p>\n<\/div><\/div>\n\n\n\n<div class=\"wp-block-media-text alignwide has-media-on-the-right is-stacked-on-mobile\" style=\"grid-template-columns:auto 36%\"><figure class=\"wp-block-media-text__media\"><img loading=\"lazy\" width=\"683\" height=\"1024\" src=\"http:\/\/codep45-ffct-org.fr\/wp-content\/uploads\/2021\/11\/Photo-n\u00b0-1-1-683x1024.jpg\" alt=\"\" class=\"wp-image-3789 size-full\" srcset=\"https:\/\/codep45-ffct-org.fr\/wp-content\/uploads\/2021\/11\/Photo-n\u00b0-1-1-683x1024.jpg 683w, https:\/\/codep45-ffct-org.fr\/wp-content\/uploads\/2021\/11\/Photo-n\u00b0-1-1-200x300.jpg 200w, https:\/\/codep45-ffct-org.fr\/wp-content\/uploads\/2021\/11\/Photo-n\u00b0-1-1-768x1152.jpg 768w, https:\/\/codep45-ffct-org.fr\/wp-content\/uploads\/2021\/11\/Photo-n\u00b0-1-1-1024x1536.jpg 1024w, https:\/\/codep45-ffct-org.fr\/wp-content\/uploads\/2021\/11\/Photo-n\u00b0-1-1-1366x2048.jpg 1366w, https:\/\/codep45-ffct-org.fr\/wp-content\/uploads\/2021\/11\/Photo-n\u00b0-1-1-370x555.jpg 370w, https:\/\/codep45-ffct-org.fr\/wp-content\/uploads\/2021\/11\/Photo-n\u00b0-1-1-1040x1560.jpg 1040w, https:\/\/codep45-ffct-org.fr\/wp-content\/uploads\/2021\/11\/Photo-n\u00b0-1-1.jpg 1667w\" sizes=\"(max-width: 683px) 100vw, 683px\" \/><\/figure><div class=\"wp-block-media-text__content\">\n<p style=\"font-size:30px\"><em>2021 &#8211; Les Fontaines<\/em><\/p>\n\n\n\n<p><em>Daniel BEAUJOUIN (Orl\u00e9ans Cyclotouriste)<\/em><\/p>\n<\/div><\/div>\n\n\n\n<div class=\"wp-block-media-text alignwide is-stacked-on-mobile\" style=\"grid-template-columns:49% auto\"><figure class=\"wp-block-media-text__media\"><img loading=\"lazy\" width=\"700\" height=\"525\" src=\"http:\/\/codep45-ffct-org.fr\/wp-content\/uploads\/2021\/03\/Concours-photos-2020-7.jpg\" alt=\"\" class=\"wp-image-2778 size-full\" srcset=\"https:\/\/codep45-ffct-org.fr\/wp-content\/uploads\/2021\/03\/Concours-photos-2020-7.jpg 700w, https:\/\/codep45-ffct-org.fr\/wp-content\/uploads\/2021\/03\/Concours-photos-2020-7-300x225.jpg 300w, https:\/\/codep45-ffct-org.fr\/wp-content\/uploads\/2021\/03\/Concours-photos-2020-7-370x278.jpg 370w\" sizes=\"(max-width: 700px) 100vw, 700px\" \/><\/figure><div class=\"wp-block-media-text__content\">\n<p style=\"font-size:30px\"><em>2020 &#8211; Le Monde Agricole<\/em><\/p>\n\n\n\n<p><em>Eveline DELECOLLE (Etape Solognote)<\/em><\/p>\n<\/div><\/div>\n\n\n\n<div class=\"wp-block-media-text alignwide has-media-on-the-right is-stacked-on-mobile\"><figure class=\"wp-block-media-text__media\"><img loading=\"lazy\" width=\"1024\" height=\"768\" src=\"http:\/\/codep45-ffct-org.fr\/wp-content\/uploads\/2020\/12\/2020_les-statues_Ren\u00e9-Martin-ASTOM-1024x768.jpg\" alt=\"\" class=\"wp-image-1882 size-full\" srcset=\"https:\/\/codep45-ffct-org.fr\/wp-content\/uploads\/2020\/12\/2020_les-statues_Ren\u00e9-Martin-ASTOM-1024x768.jpg 1024w, https:\/\/codep45-ffct-org.fr\/wp-content\/uploads\/2020\/12\/2020_les-statues_Ren\u00e9-Martin-ASTOM-300x225.jpg 300w, https:\/\/codep45-ffct-org.fr\/wp-content\/uploads\/2020\/12\/2020_les-statues_Ren\u00e9-Martin-ASTOM-768x576.jpg 768w, https:\/\/codep45-ffct-org.fr\/wp-content\/uploads\/2020\/12\/2020_les-statues_Ren\u00e9-Martin-ASTOM-1536x1152.jpg 1536w, https:\/\/codep45-ffct-org.fr\/wp-content\/uploads\/2020\/12\/2020_les-statues_Ren\u00e9-Martin-ASTOM-2048x1536.jpg 2048w, https:\/\/codep45-ffct-org.fr\/wp-content\/uploads\/2020\/12\/2020_les-statues_Ren\u00e9-Martin-ASTOM-370x278.jpg 370w, https:\/\/codep45-ffct-org.fr\/wp-content\/uploads\/2020\/12\/2020_les-statues_Ren\u00e9-Martin-ASTOM-1040x780.jpg 1040w\" sizes=\"(max-width: 1024px) 100vw, 1024px\" \/><\/figure><div class=\"wp-block-media-text__content\">\n<p style=\"font-size:30px\"><em>2019 &#8211; Les Statues<\/em><\/p>\n\n\n\n<p><em>Ren\u00e9  MARTIN (As. Terr. Orl\u00e9ans et M\u00e9tropole)<\/em><\/p>\n<\/div><\/div>\n\n\n\n<div class=\"wp-block-media-text alignwide is-stacked-on-mobile\"><figure class=\"wp-block-media-text__media\"><img loading=\"lazy\" width=\"1024\" height=\"685\" src=\"http:\/\/codep45-ffct-org.fr\/wp-content\/uploads\/2020\/12\/2019_les-ronds-points-fran\u00e7ais_Marie-Lou-Cau-Ormes-1024x685.jpg\" alt=\"\" class=\"wp-image-1886 size-full\" srcset=\"https:\/\/codep45-ffct-org.fr\/wp-content\/uploads\/2020\/12\/2019_les-ronds-points-fran\u00e7ais_Marie-Lou-Cau-Ormes-1024x685.jpg 1024w, https:\/\/codep45-ffct-org.fr\/wp-content\/uploads\/2020\/12\/2019_les-ronds-points-fran\u00e7ais_Marie-Lou-Cau-Ormes-300x201.jpg 300w, https:\/\/codep45-ffct-org.fr\/wp-content\/uploads\/2020\/12\/2019_les-ronds-points-fran\u00e7ais_Marie-Lou-Cau-Ormes-768x514.jpg 768w, https:\/\/codep45-ffct-org.fr\/wp-content\/uploads\/2020\/12\/2019_les-ronds-points-fran\u00e7ais_Marie-Lou-Cau-Ormes-1536x1028.jpg 1536w, https:\/\/codep45-ffct-org.fr\/wp-content\/uploads\/2020\/12\/2019_les-ronds-points-fran\u00e7ais_Marie-Lou-Cau-Ormes-2048x1371.jpg 2048w, https:\/\/codep45-ffct-org.fr\/wp-content\/uploads\/2020\/12\/2019_les-ronds-points-fran\u00e7ais_Marie-Lou-Cau-Ormes-370x248.jpg 370w, https:\/\/codep45-ffct-org.fr\/wp-content\/uploads\/2020\/12\/2019_les-ronds-points-fran\u00e7ais_Marie-Lou-Cau-Ormes-1040x696.jpg 1040w\" sizes=\"(max-width: 1024px) 100vw, 1024px\" \/><\/figure><div class=\"wp-block-media-text__content\">\n<p style=\"font-size:30px\"><em>2018 &#8211; Les Ronds Points Fran\u00e7ais<\/em><\/p>\n\n\n\n<p><em>Marie-Lou CAU (Avenir Cyclo Ormes)<\/em><\/p>\n<\/div><\/div>\n\n\n\n<div class=\"wp-block-media-text alignwide has-media-on-the-right is-stacked-on-mobile\"><figure class=\"wp-block-media-text__media\"><img loading=\"lazy\" width=\"702\" height=\"468\" src=\"http:\/\/codep45-ffct-org.fr\/wp-content\/uploads\/2020\/12\/2018_les-moulins_Suzy-Chailly-Amilly.jpg\" alt=\"\" class=\"wp-image-1888 size-full\" srcset=\"https:\/\/codep45-ffct-org.fr\/wp-content\/uploads\/2020\/12\/2018_les-moulins_Suzy-Chailly-Amilly.jpg 702w, https:\/\/codep45-ffct-org.fr\/wp-content\/uploads\/2020\/12\/2018_les-moulins_Suzy-Chailly-Amilly-300x200.jpg 300w, https:\/\/codep45-ffct-org.fr\/wp-content\/uploads\/2020\/12\/2018_les-moulins_Suzy-Chailly-Amilly-370x247.jpg 370w\" sizes=\"(max-width: 702px) 100vw, 702px\" \/><\/figure><div class=\"wp-block-media-text__content\">\n<p style=\"font-size:30px\"><em>2017 &#8211; Les Moulins<\/em><\/p>\n\n\n\n<p><em>Suzy CHAILLY (J3 Sports Amilly)<\/em><\/p>\n<\/div><\/div>\n","protected":false},"excerpt":{"rendered":"<p>Mise \u00e0 Jour : 05\/12\/2024 2024 &#8211; Concours Jeunes Martin BODY (Orl\u00e9ans Cyclotouriste) 2023 &#8211; Les Ch\u00e2teaux d&rsquo;eau Isabelle GROSJEAN (Cyclos Ran donneurs Pointe de Courpin) 2022 &#8211; Les Coquelicots Patrick COMMUNAL Membres Ind\u00e9pendants 45[&#8230;]<\/p>\n","protected":false},"author":1,"featured_media":0,"parent":786,"menu_order":2,"comment_status":"closed","ping_status":"closed","template":"","meta":[],"_links":{"self":[{"href":"https:\/\/codep45-ffct-org.fr\/index.php\/wp-json\/wp\/v2\/pages\/1879"}],"collection":[{"href":"https:\/\/codep45-ffct-org.fr\/index.php\/wp-json\/wp\/v2\/pages"}],"about":[{"href":"https:\/\/codep45-ffct-org.fr\/index.php\/wp-json\/wp\/v2\/types\/page"}],"author":[{"embeddable":true,"href":"https:\/\/codep45-ffct-org.fr\/index.php\/wp-json\/wp\/v2\/users\/1"}],"replies":[{"embeddable":true,"href":"https:\/\/codep45-ffct-org.fr\/index.php\/wp-json\/wp\/v2\/comments?post=1879"}],"version-history":[{"count":23,"href":"https:\/\/codep45-ffct-org.fr\/index.php\/wp-json\/wp\/v2\/pages\/1879\/revisions"}],"predecessor-version":[{"id":6129,"href":"https:\/\/codep45-ffct-org.fr\/index.php\/wp-json\/wp\/v2\/pages\/1879\/revisions\/6129"}],"up":[{"embeddable":true,"href":"https:\/\/codep45-ffct-org.fr\/index.php\/wp-json\/wp\/v2\/pages\/786"}],"wp:attachment":[{"href":"https:\/\/codep45-ffct-org.fr\/index.php\/wp-json\/wp\/v2\/media?parent=1879"}],"curies":[{"name":"wp","href":"https:\/\/api.w.org\/{rel}","templated":true}]}}

Concours Photos Années 2017 à 2024

<figure class="wp-block-image size-large is-resized"><img loading="lazy" src="http://codep45-ffct-org.fr/wp-content/uploads/2020/12/Logo-Codep-45-5.png" alt="" class="wp-image-1874" width="213" height="91"/></figure>



<p class="has-text-align-right has-small-font-size"><em>Mise à Jour : 05/12/2024</em></p>



<div class="wp-block-media-text alignwide is-stacked-on-mobile"><figure class="wp-block-media-text__media"><img loading="lazy" width="441" height="592" src="https://codep45-ffct-org.fr/wp-content/uploads/2024/12/Laureate-2024.jpg" alt="" class="wp-image-6127 size-full" srcset="https://codep45-ffct-org.fr/wp-content/uploads/2024/12/Laureate-2024.jpg 441w, https://codep45-ffct-org.fr/wp-content/uploads/2024/12/Laureate-2024-223x300.jpg 223w, https://codep45-ffct-org.fr/wp-content/uploads/2024/12/Laureate-2024-370x497.jpg 370w" sizes="(max-width: 441px) 100vw, 441px" /></figure><div class="wp-block-media-text__content">
<p style="font-size:30px"><em>2024 &#8211; Concours Jeunes</em></p>



<p><em>Martin BODY (Orléans Cyclotouriste)</em></p>
</div></div>



<div class="wp-block-media-text alignwide has-media-on-the-right is-stacked-on-mobile"><figure class="wp-block-media-text__media"><img loading="lazy" width="500" height="667" src="https://codep45-ffct-org.fr/wp-content/uploads/2024/02/Concours-Photos-2023.jpg" alt="" class="wp-image-5840 size-full" srcset="https://codep45-ffct-org.fr/wp-content/uploads/2024/02/Concours-Photos-2023.jpg 500w, https://codep45-ffct-org.fr/wp-content/uploads/2024/02/Concours-Photos-2023-225x300.jpg 225w, https://codep45-ffct-org.fr/wp-content/uploads/2024/02/Concours-Photos-2023-370x494.jpg 370w" sizes="(max-width: 500px) 100vw, 500px" /></figure><div class="wp-block-media-text__content">
<p style="font-size:30px"><em>2023 &#8211; Les Châteaux d&rsquo;eau</em></p>



<p><em>Isabelle GROSJEAN  (Cyclos Ran donneurs Pointe de Courpin)</em></p>
</div></div>



<div class="wp-block-media-text alignwide is-stacked-on-mobile"><figure class="wp-block-media-text__media"><img loading="lazy" width="1024" height="768" src="http://codep45-ffct-org.fr/wp-content/uploads/2022/11/Photo-2022-n°2.jpg" alt="" class="wp-image-4760 size-full" srcset="https://codep45-ffct-org.fr/wp-content/uploads/2022/11/Photo-2022-n°2.jpg 1024w, https://codep45-ffct-org.fr/wp-content/uploads/2022/11/Photo-2022-n°2-300x225.jpg 300w, https://codep45-ffct-org.fr/wp-content/uploads/2022/11/Photo-2022-n°2-768x576.jpg 768w, https://codep45-ffct-org.fr/wp-content/uploads/2022/11/Photo-2022-n°2-370x278.jpg 370w" sizes="(max-width: 1024px) 100vw, 1024px" /></figure><div class="wp-block-media-text__content">
<p style="font-size:30px"><em>2022 &#8211; Les Coquelicots</em></p>



<p><em>Patrick COMMUNAL Membres Indépendants 45 )</em></p>



<p></p>
</div></div>



<div class="wp-block-media-text alignwide has-media-on-the-right is-stacked-on-mobile" style="grid-template-columns:auto 36%"><figure class="wp-block-media-text__media"><img loading="lazy" width="683" height="1024" src="http://codep45-ffct-org.fr/wp-content/uploads/2021/11/Photo-n°-1-1-683x1024.jpg" alt="" class="wp-image-3789 size-full" srcset="https://codep45-ffct-org.fr/wp-content/uploads/2021/11/Photo-n°-1-1-683x1024.jpg 683w, https://codep45-ffct-org.fr/wp-content/uploads/2021/11/Photo-n°-1-1-200x300.jpg 200w, https://codep45-ffct-org.fr/wp-content/uploads/2021/11/Photo-n°-1-1-768x1152.jpg 768w, https://codep45-ffct-org.fr/wp-content/uploads/2021/11/Photo-n°-1-1-1024x1536.jpg 1024w, https://codep45-ffct-org.fr/wp-content/uploads/2021/11/Photo-n°-1-1-1366x2048.jpg 1366w, https://codep45-ffct-org.fr/wp-content/uploads/2021/11/Photo-n°-1-1-370x555.jpg 370w, https://codep45-ffct-org.fr/wp-content/uploads/2021/11/Photo-n°-1-1-1040x1560.jpg 1040w, https://codep45-ffct-org.fr/wp-content/uploads/2021/11/Photo-n°-1-1.jpg 1667w" sizes="(max-width: 683px) 100vw, 683px" /></figure><div class="wp-block-media-text__content">
<p style="font-size:30px"><em>2021 &#8211; Les Fontaines</em></p>



<p><em>Daniel BEAUJOUIN (Orléans Cyclotouriste)</em></p>
</div></div>



<div class="wp-block-media-text alignwide is-stacked-on-mobile" style="grid-template-columns:49% auto"><figure class="wp-block-media-text__media"><img loading="lazy" width="700" height="525" src="http://codep45-ffct-org.fr/wp-content/uploads/2021/03/Concours-photos-2020-7.jpg" alt="" class="wp-image-2778 size-full" srcset="https://codep45-ffct-org.fr/wp-content/uploads/2021/03/Concours-photos-2020-7.jpg 700w, https://codep45-ffct-org.fr/wp-content/uploads/2021/03/Concours-photos-2020-7-300x225.jpg 300w, https://codep45-ffct-org.fr/wp-content/uploads/2021/03/Concours-photos-2020-7-370x278.jpg 370w" sizes="(max-width: 700px) 100vw, 700px" /></figure><div class="wp-block-media-text__content">
<p style="font-size:30px"><em>2020 &#8211; Le Monde Agricole</em></p>



<p><em>Eveline DELECOLLE (Etape Solognote)</em></p>
</div></div>



<div class="wp-block-media-text alignwide has-media-on-the-right is-stacked-on-mobile"><figure class="wp-block-media-text__media"><img loading="lazy" width="1024" height="768" src="http://codep45-ffct-org.fr/wp-content/uploads/2020/12/2020_les-statues_René-Martin-ASTOM-1024x768.jpg" alt="" class="wp-image-1882 size-full" srcset="https://codep45-ffct-org.fr/wp-content/uploads/2020/12/2020_les-statues_René-Martin-ASTOM-1024x768.jpg 1024w, https://codep45-ffct-org.fr/wp-content/uploads/2020/12/2020_les-statues_René-Martin-ASTOM-300x225.jpg 300w, https://codep45-ffct-org.fr/wp-content/uploads/2020/12/2020_les-statues_René-Martin-ASTOM-768x576.jpg 768w, https://codep45-ffct-org.fr/wp-content/uploads/2020/12/2020_les-statues_René-Martin-ASTOM-1536x1152.jpg 1536w, https://codep45-ffct-org.fr/wp-content/uploads/2020/12/2020_les-statues_René-Martin-ASTOM-2048x1536.jpg 2048w, https://codep45-ffct-org.fr/wp-content/uploads/2020/12/2020_les-statues_René-Martin-ASTOM-370x278.jpg 370w, https://codep45-ffct-org.fr/wp-content/uploads/2020/12/2020_les-statues_René-Martin-ASTOM-1040x780.jpg 1040w" sizes="(max-width: 1024px) 100vw, 1024px" /></figure><div class="wp-block-media-text__content">
<p style="font-size:30px"><em>2019 &#8211; Les Statues</em></p>



<p><em>René  MARTIN (As. Terr. Orléans et Métropole)</em></p>
</div></div>



<div class="wp-block-media-text alignwide is-stacked-on-mobile"><figure class="wp-block-media-text__media"><img loading="lazy" width="1024" height="685" src="http://codep45-ffct-org.fr/wp-content/uploads/2020/12/2019_les-ronds-points-français_Marie-Lou-Cau-Ormes-1024x685.jpg" alt="" class="wp-image-1886 size-full" srcset="https://codep45-ffct-org.fr/wp-content/uploads/2020/12/2019_les-ronds-points-français_Marie-Lou-Cau-Ormes-1024x685.jpg 1024w, https://codep45-ffct-org.fr/wp-content/uploads/2020/12/2019_les-ronds-points-français_Marie-Lou-Cau-Ormes-300x201.jpg 300w, https://codep45-ffct-org.fr/wp-content/uploads/2020/12/2019_les-ronds-points-français_Marie-Lou-Cau-Ormes-768x514.jpg 768w, https://codep45-ffct-org.fr/wp-content/uploads/2020/12/2019_les-ronds-points-français_Marie-Lou-Cau-Ormes-1536x1028.jpg 1536w, https://codep45-ffct-org.fr/wp-content/uploads/2020/12/2019_les-ronds-points-français_Marie-Lou-Cau-Ormes-2048x1371.jpg 2048w, https://codep45-ffct-org.fr/wp-content/uploads/2020/12/2019_les-ronds-points-français_Marie-Lou-Cau-Ormes-370x248.jpg 370w, https://codep45-ffct-org.fr/wp-content/uploads/2020/12/2019_les-ronds-points-français_Marie-Lou-Cau-Ormes-1040x696.jpg 1040w" sizes="(max-width: 1024px) 100vw, 1024px" /></figure><div class="wp-block-media-text__content">
<p style="font-size:30px"><em>2018 &#8211; Les Ronds Points Français</em></p>



<p><em>Marie-Lou CAU (Avenir Cyclo Ormes)</em></p>
</div></div>



<div class="wp-block-media-text alignwide has-media-on-the-right is-stacked-on-mobile"><figure class="wp-block-media-text__media"><img loading="lazy" width="702" height="468" src="http://codep45-ffct-org.fr/wp-content/uploads/2020/12/2018_les-moulins_Suzy-Chailly-Amilly.jpg" alt="" class="wp-image-1888 size-full" srcset="https://codep45-ffct-org.fr/wp-content/uploads/2020/12/2018_les-moulins_Suzy-Chailly-Amilly.jpg 702w, https://codep45-ffct-org.fr/wp-content/uploads/2020/12/2018_les-moulins_Suzy-Chailly-Amilly-300x200.jpg 300w, https://codep45-ffct-org.fr/wp-content/uploads/2020/12/2018_les-moulins_Suzy-Chailly-Amilly-370x247.jpg 370w" sizes="(max-width: 702px) 100vw, 702px" /></figure><div class="wp-block-media-text__content">
<p style="font-size:30px"><em>2017 &#8211; Les Moulins</em></p>



<p><em>Suzy CHAILLY (J3 Sports Amilly)</em></p>
</div></div>

<p>Mise à Jour : 05/12/2024 2024 &#8211; Concours Jeunes Martin BODY (Orléans Cyclotouriste) 2023 &#8211; Les Châteaux d&rsquo;eau Isabelle GROSJEAN (Cyclos Ran donneurs Pointe de Courpin) 2022 &#8211; Les Coquelicots Patrick COMMUNAL Membres Indépendants 45[&#8230;]</p>
