{"id":1960,"date":"2020-12-18T18:31:11","date_gmt":"2020-12-18T17:31:11","guid":{"rendered":"http:\/\/codep45-ffct-org.fr\/?page_id=1960"},"modified":"2021-01-12T11:23:32","modified_gmt":"2021-01-12T10:23:32","slug":"demande-de-recompense-federale-mode-operatoire","status":"publish","type":"page","link":"https:\/\/codep45-ffct-org.fr\/index.php\/recompenses-federales\/demande-de-recompense-federale-mode-operatoire\/","title":{"rendered":"Demande de R\u00e9compense F\u00e9d\u00e9rale &#8211; Mode Op\u00e9ratoire"},"content":{"rendered":"\n<figure class=\"wp-block-image size-large is-resized\"><img loading=\"lazy\" src=\"http:\/\/codep45-ffct-org.fr\/wp-content\/uploads\/2020\/12\/Logo-Codep-45-5.png\" alt=\"\" class=\"wp-image-1874\" width=\"213\" height=\"91\"\/><\/figure>\n\n\n\n<figure class=\"wp-block-image size-full\"><img loading=\"lazy\" width=\"1654\" height=\"2339\" src=\"http:\/\/codep45-ffct-org.fr\/wp-content\/uploads\/2021\/01\/2020-MODE-OPERATOIRE-SAISIE-VALIDATION-RECOMPENSES-CLUB-CODEP-COREG-5_Page_1.jpeg\" alt=\"\" class=\"wp-image-2082\" srcset=\"https:\/\/codep45-ffct-org.fr\/wp-content\/uploads\/2021\/01\/2020-MODE-OPERATOIRE-SAISIE-VALIDATION-RECOMPENSES-CLUB-CODEP-COREG-5_Page_1.jpeg 1654w, https:\/\/codep45-ffct-org.fr\/wp-content\/uploads\/2021\/01\/2020-MODE-OPERATOIRE-SAISIE-VALIDATION-RECOMPENSES-CLUB-CODEP-COREG-5_Page_1-212x300.jpeg 212w, https:\/\/codep45-ffct-org.fr\/wp-content\/uploads\/2021\/01\/2020-MODE-OPERATOIRE-SAISIE-VALIDATION-RECOMPENSES-CLUB-CODEP-COREG-5_Page_1-724x1024.jpeg 724w, https:\/\/codep45-ffct-org.fr\/wp-content\/uploads\/2021\/01\/2020-MODE-OPERATOIRE-SAISIE-VALIDATION-RECOMPENSES-CLUB-CODEP-COREG-5_Page_1-768x1086.jpeg 768w, https:\/\/codep45-ffct-org.fr\/wp-content\/uploads\/2021\/01\/2020-MODE-OPERATOIRE-SAISIE-VALIDATION-RECOMPENSES-CLUB-CODEP-COREG-5_Page_1-1086x1536.jpeg 1086w, https:\/\/codep45-ffct-org.fr\/wp-content\/uploads\/2021\/01\/2020-MODE-OPERATOIRE-SAISIE-VALIDATION-RECOMPENSES-CLUB-CODEP-COREG-5_Page_1-1448x2048.jpeg 1448w, https:\/\/codep45-ffct-org.fr\/wp-content\/uploads\/2021\/01\/2020-MODE-OPERATOIRE-SAISIE-VALIDATION-RECOMPENSES-CLUB-CODEP-COREG-5_Page_1-370x523.jpeg 370w, https:\/\/codep45-ffct-org.fr\/wp-content\/uploads\/2021\/01\/2020-MODE-OPERATOIRE-SAISIE-VALIDATION-RECOMPENSES-CLUB-CODEP-COREG-5_Page_1-1040x1471.jpeg 1040w\" sizes=\"(max-width: 1654px) 100vw, 1654px\" \/><\/figure>\n\n\n\n<figure class=\"wp-block-image size-full is-resized\"><img loading=\"lazy\" src=\"http:\/\/codep45-ffct-org.fr\/wp-content\/uploads\/2021\/01\/2020-MODE-OPERATOIRE-SAISIE-VALIDATION-RECOMPENSES-CLUB-CODEP-COREG-5_Page_2.jpeg\" alt=\"\" class=\"wp-image-2083\" width=\"584\" height=\"826\" srcset=\"https:\/\/codep45-ffct-org.fr\/wp-content\/uploads\/2021\/01\/2020-MODE-OPERATOIRE-SAISIE-VALIDATION-RECOMPENSES-CLUB-CODEP-COREG-5_Page_2.jpeg 1654w, https:\/\/codep45-ffct-org.fr\/wp-content\/uploads\/2021\/01\/2020-MODE-OPERATOIRE-SAISIE-VALIDATION-RECOMPENSES-CLUB-CODEP-COREG-5_Page_2-212x300.jpeg 212w, https:\/\/codep45-ffct-org.fr\/wp-content\/uploads\/2021\/01\/2020-MODE-OPERATOIRE-SAISIE-VALIDATION-RECOMPENSES-CLUB-CODEP-COREG-5_Page_2-724x1024.jpeg 724w, https:\/\/codep45-ffct-org.fr\/wp-content\/uploads\/2021\/01\/2020-MODE-OPERATOIRE-SAISIE-VALIDATION-RECOMPENSES-CLUB-CODEP-COREG-5_Page_2-768x1086.jpeg 768w, https:\/\/codep45-ffct-org.fr\/wp-content\/uploads\/2021\/01\/2020-MODE-OPERATOIRE-SAISIE-VALIDATION-RECOMPENSES-CLUB-CODEP-COREG-5_Page_2-1086x1536.jpeg 1086w, https:\/\/codep45-ffct-org.fr\/wp-content\/uploads\/2021\/01\/2020-MODE-OPERATOIRE-SAISIE-VALIDATION-RECOMPENSES-CLUB-CODEP-COREG-5_Page_2-1448x2048.jpeg 1448w, https:\/\/codep45-ffct-org.fr\/wp-content\/uploads\/2021\/01\/2020-MODE-OPERATOIRE-SAISIE-VALIDATION-RECOMPENSES-CLUB-CODEP-COREG-5_Page_2-370x523.jpeg 370w, https:\/\/codep45-ffct-org.fr\/wp-content\/uploads\/2021\/01\/2020-MODE-OPERATOIRE-SAISIE-VALIDATION-RECOMPENSES-CLUB-CODEP-COREG-5_Page_2-1040x1471.jpeg 1040w\" sizes=\"(max-width: 584px) 100vw, 584px\" \/><\/figure>\n\n\n\n<figure class=\"wp-block-image size-full\"><img loading=\"lazy\" width=\"1654\" height=\"2339\" src=\"http:\/\/codep45-ffct-org.fr\/wp-content\/uploads\/2021\/01\/2020-MODE-OPERATOIRE-SAISIE-VALIDATION-RECOMPENSES-CLUB-CODEP-COREG-5_Page_3.jpeg\" alt=\"\" class=\"wp-image-2084\" srcset=\"https:\/\/codep45-ffct-org.fr\/wp-content\/uploads\/2021\/01\/2020-MODE-OPERATOIRE-SAISIE-VALIDATION-RECOMPENSES-CLUB-CODEP-COREG-5_Page_3.jpeg 1654w, https:\/\/codep45-ffct-org.fr\/wp-content\/uploads\/2021\/01\/2020-MODE-OPERATOIRE-SAISIE-VALIDATION-RECOMPENSES-CLUB-CODEP-COREG-5_Page_3-212x300.jpeg 212w, https:\/\/codep45-ffct-org.fr\/wp-content\/uploads\/2021\/01\/2020-MODE-OPERATOIRE-SAISIE-VALIDATION-RECOMPENSES-CLUB-CODEP-COREG-5_Page_3-724x1024.jpeg 724w, https:\/\/codep45-ffct-org.fr\/wp-content\/uploads\/2021\/01\/2020-MODE-OPERATOIRE-SAISIE-VALIDATION-RECOMPENSES-CLUB-CODEP-COREG-5_Page_3-768x1086.jpeg 768w, https:\/\/codep45-ffct-org.fr\/wp-content\/uploads\/2021\/01\/2020-MODE-OPERATOIRE-SAISIE-VALIDATION-RECOMPENSES-CLUB-CODEP-COREG-5_Page_3-1086x1536.jpeg 1086w, https:\/\/codep45-ffct-org.fr\/wp-content\/uploads\/2021\/01\/2020-MODE-OPERATOIRE-SAISIE-VALIDATION-RECOMPENSES-CLUB-CODEP-COREG-5_Page_3-1448x2048.jpeg 1448w, https:\/\/codep45-ffct-org.fr\/wp-content\/uploads\/2021\/01\/2020-MODE-OPERATOIRE-SAISIE-VALIDATION-RECOMPENSES-CLUB-CODEP-COREG-5_Page_3-370x523.jpeg 370w, https:\/\/codep45-ffct-org.fr\/wp-content\/uploads\/2021\/01\/2020-MODE-OPERATOIRE-SAISIE-VALIDATION-RECOMPENSES-CLUB-CODEP-COREG-5_Page_3-1040x1471.jpeg 1040w\" sizes=\"(max-width: 1654px) 100vw, 1654px\" \/><\/figure>\n\n\n\n<figure class=\"wp-block-image size-full is-resized\"><img loading=\"lazy\" src=\"http:\/\/codep45-ffct-org.fr\/wp-content\/uploads\/2021\/01\/2020-MODE-OPERATOIRE-SAISIE-VALIDATION-RECOMPENSES-CLUB-CODEP-COREG-5_Page_4.jpeg\" alt=\"\" class=\"wp-image-2085\" width=\"582\" height=\"823\" srcset=\"https:\/\/codep45-ffct-org.fr\/wp-content\/uploads\/2021\/01\/2020-MODE-OPERATOIRE-SAISIE-VALIDATION-RECOMPENSES-CLUB-CODEP-COREG-5_Page_4.jpeg 1654w, https:\/\/codep45-ffct-org.fr\/wp-content\/uploads\/2021\/01\/2020-MODE-OPERATOIRE-SAISIE-VALIDATION-RECOMPENSES-CLUB-CODEP-COREG-5_Page_4-212x300.jpeg 212w, https:\/\/codep45-ffct-org.fr\/wp-content\/uploads\/2021\/01\/2020-MODE-OPERATOIRE-SAISIE-VALIDATION-RECOMPENSES-CLUB-CODEP-COREG-5_Page_4-724x1024.jpeg 724w, https:\/\/codep45-ffct-org.fr\/wp-content\/uploads\/2021\/01\/2020-MODE-OPERATOIRE-SAISIE-VALIDATION-RECOMPENSES-CLUB-CODEP-COREG-5_Page_4-768x1086.jpeg 768w, https:\/\/codep45-ffct-org.fr\/wp-content\/uploads\/2021\/01\/2020-MODE-OPERATOIRE-SAISIE-VALIDATION-RECOMPENSES-CLUB-CODEP-COREG-5_Page_4-1086x1536.jpeg 1086w, https:\/\/codep45-ffct-org.fr\/wp-content\/uploads\/2021\/01\/2020-MODE-OPERATOIRE-SAISIE-VALIDATION-RECOMPENSES-CLUB-CODEP-COREG-5_Page_4-1448x2048.jpeg 1448w, https:\/\/codep45-ffct-org.fr\/wp-content\/uploads\/2021\/01\/2020-MODE-OPERATOIRE-SAISIE-VALIDATION-RECOMPENSES-CLUB-CODEP-COREG-5_Page_4-370x523.jpeg 370w, https:\/\/codep45-ffct-org.fr\/wp-content\/uploads\/2021\/01\/2020-MODE-OPERATOIRE-SAISIE-VALIDATION-RECOMPENSES-CLUB-CODEP-COREG-5_Page_4-1040x1471.jpeg 1040w\" sizes=\"(max-width: 582px) 100vw, 582px\" \/><\/figure>\n\n\n\n<figure class=\"wp-block-image size-full\"><img loading=\"lazy\" width=\"1654\" height=\"2339\" src=\"http:\/\/codep45-ffct-org.fr\/wp-content\/uploads\/2021\/01\/2020-MODE-OPERATOIRE-SAISIE-VALIDATION-RECOMPENSES-CLUB-CODEP-COREG-5_Page_5.jpeg\" alt=\"\" class=\"wp-image-2086\" srcset=\"https:\/\/codep45-ffct-org.fr\/wp-content\/uploads\/2021\/01\/2020-MODE-OPERATOIRE-SAISIE-VALIDATION-RECOMPENSES-CLUB-CODEP-COREG-5_Page_5.jpeg 1654w, https:\/\/codep45-ffct-org.fr\/wp-content\/uploads\/2021\/01\/2020-MODE-OPERATOIRE-SAISIE-VALIDATION-RECOMPENSES-CLUB-CODEP-COREG-5_Page_5-212x300.jpeg 212w, https:\/\/codep45-ffct-org.fr\/wp-content\/uploads\/2021\/01\/2020-MODE-OPERATOIRE-SAISIE-VALIDATION-RECOMPENSES-CLUB-CODEP-COREG-5_Page_5-724x1024.jpeg 724w, https:\/\/codep45-ffct-org.fr\/wp-content\/uploads\/2021\/01\/2020-MODE-OPERATOIRE-SAISIE-VALIDATION-RECOMPENSES-CLUB-CODEP-COREG-5_Page_5-768x1086.jpeg 768w, https:\/\/codep45-ffct-org.fr\/wp-content\/uploads\/2021\/01\/2020-MODE-OPERATOIRE-SAISIE-VALIDATION-RECOMPENSES-CLUB-CODEP-COREG-5_Page_5-1086x1536.jpeg 1086w, https:\/\/codep45-ffct-org.fr\/wp-content\/uploads\/2021\/01\/2020-MODE-OPERATOIRE-SAISIE-VALIDATION-RECOMPENSES-CLUB-CODEP-COREG-5_Page_5-1448x2048.jpeg 1448w, https:\/\/codep45-ffct-org.fr\/wp-content\/uploads\/2021\/01\/2020-MODE-OPERATOIRE-SAISIE-VALIDATION-RECOMPENSES-CLUB-CODEP-COREG-5_Page_5-370x523.jpeg 370w, https:\/\/codep45-ffct-org.fr\/wp-content\/uploads\/2021\/01\/2020-MODE-OPERATOIRE-SAISIE-VALIDATION-RECOMPENSES-CLUB-CODEP-COREG-5_Page_5-1040x1471.jpeg 1040w\" sizes=\"(max-width: 1654px) 100vw, 1654px\" \/><\/figure>\n\n\n\n<figure class=\"wp-block-image size-full\"><img loading=\"lazy\" width=\"1654\" height=\"2339\" src=\"http:\/\/codep45-ffct-org.fr\/wp-content\/uploads\/2021\/01\/2020-MODE-OPERATOIRE-SAISIE-VALIDATION-RECOMPENSES-CLUB-CODEP-COREG-5_Page_6.jpeg\" alt=\"\" class=\"wp-image-2087\" srcset=\"https:\/\/codep45-ffct-org.fr\/wp-content\/uploads\/2021\/01\/2020-MODE-OPERATOIRE-SAISIE-VALIDATION-RECOMPENSES-CLUB-CODEP-COREG-5_Page_6.jpeg 1654w, https:\/\/codep45-ffct-org.fr\/wp-content\/uploads\/2021\/01\/2020-MODE-OPERATOIRE-SAISIE-VALIDATION-RECOMPENSES-CLUB-CODEP-COREG-5_Page_6-212x300.jpeg 212w, https:\/\/codep45-ffct-org.fr\/wp-content\/uploads\/2021\/01\/2020-MODE-OPERATOIRE-SAISIE-VALIDATION-RECOMPENSES-CLUB-CODEP-COREG-5_Page_6-724x1024.jpeg 724w, https:\/\/codep45-ffct-org.fr\/wp-content\/uploads\/2021\/01\/2020-MODE-OPERATOIRE-SAISIE-VALIDATION-RECOMPENSES-CLUB-CODEP-COREG-5_Page_6-768x1086.jpeg 768w, https:\/\/codep45-ffct-org.fr\/wp-content\/uploads\/2021\/01\/2020-MODE-OPERATOIRE-SAISIE-VALIDATION-RECOMPENSES-CLUB-CODEP-COREG-5_Page_6-1086x1536.jpeg 1086w, https:\/\/codep45-ffct-org.fr\/wp-content\/uploads\/2021\/01\/2020-MODE-OPERATOIRE-SAISIE-VALIDATION-RECOMPENSES-CLUB-CODEP-COREG-5_Page_6-1448x2048.jpeg 1448w, https:\/\/codep45-ffct-org.fr\/wp-content\/uploads\/2021\/01\/2020-MODE-OPERATOIRE-SAISIE-VALIDATION-RECOMPENSES-CLUB-CODEP-COREG-5_Page_6-370x523.jpeg 370w, https:\/\/codep45-ffct-org.fr\/wp-content\/uploads\/2021\/01\/2020-MODE-OPERATOIRE-SAISIE-VALIDATION-RECOMPENSES-CLUB-CODEP-COREG-5_Page_6-1040x1471.jpeg 1040w\" sizes=\"(max-width: 1654px) 100vw, 1654px\" \/><\/figure>\n","protected":false},"excerpt":{"rendered":"","protected":false},"author":1,"featured_media":0,"parent":1908,"menu_order":2,"comment_status":"closed","ping_status":"closed","template":"","meta":[],"_links":{"self":[{"href":"https:\/\/codep45-ffct-org.fr\/index.php\/wp-json\/wp\/v2\/pages\/1960"}],"collection":[{"href":"https:\/\/codep45-ffct-org.fr\/index.php\/wp-json\/wp\/v2\/pages"}],"about":[{"href":"https:\/\/codep45-ffct-org.fr\/index.php\/wp-json\/wp\/v2\/types\/page"}],"author":[{"embeddable":true,"href":"https:\/\/codep45-ffct-org.fr\/index.php\/wp-json\/wp\/v2\/users\/1"}],"replies":[{"embeddable":true,"href":"https:\/\/codep45-ffct-org.fr\/index.php\/wp-json\/wp\/v2\/comments?post=1960"}],"version-history":[{"count":4,"href":"https:\/\/codep45-ffct-org.fr\/index.php\/wp-json\/wp\/v2\/pages\/1960\/revisions"}],"predecessor-version":[{"id":2089,"href":"https:\/\/codep45-ffct-org.fr\/index.php\/wp-json\/wp\/v2\/pages\/1960\/revisions\/2089"}],"up":[{"embeddable":true,"href":"https:\/\/codep45-ffct-org.fr\/index.php\/wp-json\/wp\/v2\/pages\/1908"}],"wp:attachment":[{"href":"https:\/\/codep45-ffct-org.fr\/index.php\/wp-json\/wp\/v2\/media?parent=1960"}],"curies":[{"name":"wp","href":"https:\/\/api.w.org\/{rel}","templated":true}]}}