{"id":271,"date":"2020-02-18T11:33:13","date_gmt":"2020-02-18T10:33:13","guid":{"rendered":"http:\/\/codep45-ffct-org.fr\/?page_id=271"},"modified":"2024-02-29T16:36:36","modified_gmt":"2024-02-29T15:36:36","slug":"les-comptes-rendus-de-reunions","status":"publish","type":"page","link":"https:\/\/codep45-ffct-org.fr\/index.php\/les-comptes-rendus-de-reunions\/","title":{"rendered":"LES COMPTES RENDUS DE REUNIONS"},"content":{"rendered":"\n<figure class=\"wp-block-image size-large is-resized\"><img loading=\"lazy\" src=\"http:\/\/codep45-ffct-org.fr\/wp-content\/uploads\/2020\/02\/Logo-Codep-45-5.png\" alt=\"\" class=\"wp-image-336\" width=\"213\" height=\"91\"\/><\/figure>\n\n\n\n<p class=\"has-text-align-right has-small-font-size\"><em>Mise \u00e0 Jour : 29\/02\/2024<\/em><\/p>\n\n\n\n<div class=\"wp-block-media-text alignwide has-media-on-the-right is-stacked-on-mobile\" style=\"grid-template-columns:auto 37%\"><figure class=\"wp-block-media-text__media\"><img loading=\"lazy\" width=\"232\" height=\"128\" src=\"http:\/\/codep45-ffct-org.fr\/wp-content\/uploads\/2021\/01\/Image-Comptes-Rendus.jpg\" alt=\"\" class=\"wp-image-2095 size-full\"\/><\/figure><div class=\"wp-block-media-text__content\">\n<p class=\"has-medium-font-size\"><em><strong>Vous avez le choix entre les Comptes-Rendus d&rsquo;Assembl\u00e9e G\u00e9n\u00e9rale,  les R\u00e9unions du CODIR (Comit\u00e9 Directeur) du CODEP 45<\/strong><\/em><strong><em>, les R\u00e9unions des Pr\u00e9sidents de Club ou les R\u00e9unions de la COSFIC 2025.<\/em><\/strong><\/p>\n<\/div><\/div>\n","protected":false},"excerpt":{"rendered":"<p>Mise \u00e0 Jour : 29\/02\/2024 Vous avez le choix entre les Comptes-Rendus d&rsquo;Assembl\u00e9e G\u00e9n\u00e9rale, les R\u00e9unions du CODIR (Comit\u00e9 Directeur) du CODEP 45, les R\u00e9unions des Pr\u00e9sidents de Club ou les R\u00e9unions de la COSFIC[&#8230;]<\/p>\n","protected":false},"author":1,"featured_media":0,"parent":0,"menu_order":60,"comment_status":"closed","ping_status":"closed","template":"","meta":[],"_links":{"self":[{"href":"https:\/\/codep45-ffct-org.fr\/index.php\/wp-json\/wp\/v2\/pages\/271"}],"collection":[{"href":"https:\/\/codep45-ffct-org.fr\/index.php\/wp-json\/wp\/v2\/pages"}],"about":[{"href":"https:\/\/codep45-ffct-org.fr\/index.php\/wp-json\/wp\/v2\/types\/page"}],"author":[{"embeddable":true,"href":"https:\/\/codep45-ffct-org.fr\/index.php\/wp-json\/wp\/v2\/users\/1"}],"replies":[{"embeddable":true,"href":"https:\/\/codep45-ffct-org.fr\/index.php\/wp-json\/wp\/v2\/comments?post=271"}],"version-history":[{"count":8,"href":"https:\/\/codep45-ffct-org.fr\/index.php\/wp-json\/wp\/v2\/pages\/271\/revisions"}],"predecessor-version":[{"id":5834,"href":"https:\/\/codep45-ffct-org.fr\/index.php\/wp-json\/wp\/v2\/pages\/271\/revisions\/5834"}],"wp:attachment":[{"href":"https:\/\/codep45-ffct-org.fr\/index.php\/wp-json\/wp\/v2\/media?parent=271"}],"curies":[{"name":"wp","href":"https:\/\/api.w.org\/{rel}","templated":true}]}}