{"id":3729,"date":"2021-10-31T15:00:05","date_gmt":"2021-10-31T14:00:05","guid":{"rendered":"http:\/\/codep45-ffct-org.fr\/?page_id=3729"},"modified":"2026-04-15T15:23:21","modified_gmt":"2026-04-15T13:23:21","slug":"inscriptions-aux-randonnees-du-codep-45","status":"publish","type":"page","link":"https:\/\/codep45-ffct-org.fr\/index.php\/inscriptions-aux-randonnees-du-codep-45\/","title":{"rendered":"INSCRIPTIONS AUX RANDONNEES DU CODEP 45"},"content":{"rendered":"\n<figure class=\"wp-block-image size-large is-resized\"><img loading=\"lazy\" src=\"http:\/\/codep45-ffct-org.fr\/wp-content\/uploads\/2021\/10\/Logo-Codep-45.png\" alt=\"\" class=\"wp-image-3730\" width=\"213\" height=\"91\"\/><\/figure>\n\n\n\n<p class=\"has-text-align-right has-small-font-size\"><em>Mise \u00e0 Jour : 12\/04\/2026<\/em><\/p>\n\n\n\n<div class=\"wp-block-media-text alignwide has-media-on-the-right is-stacked-on-mobile\" style=\"grid-template-columns:auto 15%\"><figure class=\"wp-block-media-text__media\"><img loading=\"lazy\" width=\"233\" height=\"288\" src=\"http:\/\/codep45-ffct-org.fr\/wp-content\/uploads\/2021\/10\/Logos-FF-velo-et-Excel-2-1.jpeg\" alt=\"\" class=\"wp-image-3749 size-thumbnail\"\/><\/figure><div class=\"wp-block-media-text__content\">\n<p style=\"font-size:18px\"><strong>Les Inscriptions des Participants(tes) aux Randonn\u00e9es des Clubs Loir\u00e9tains, et principalement les licenci\u00e9s(es) FFCT, se font maintenant  avec l&rsquo;outil PSGI de la F\u00e9d\u00e9ration.<\/strong><\/p>\n<\/div><\/div>\n\n\n\n<div class=\"wp-block-media-text alignwide is-stacked-on-mobile\" style=\"grid-template-columns:15% auto\"><figure class=\"wp-block-media-text__media\"><img loading=\"lazy\" width=\"150\" height=\"150\" src=\"http:\/\/codep45-ffct-org.fr\/wp-content\/uploads\/2021\/10\/Logos-Excel--150x150.jpeg\" alt=\"\" class=\"wp-image-3739 size-thumbnail\"\/><\/figure><div class=\"wp-block-media-text__content\">\n<p style=\"font-size:18px\"><strong>Afin de faciliter la saisie des \u00ab\u00a0Non Licenci\u00e9s FFCT\u00a0\u00bb et l&rsquo;exploitation des R\u00e9sultats le plus rapidement possible apr\u00e8s la fin des inscriptions, le CODEP vous propose un utilitaire d\u00e9velopp\u00e9 sous Excel en Aval de la Saisie PSGI.<\/strong><\/p>\n<\/div><\/div>\n\n\n\n<p style=\"font-size:19px\"><strong>Vous pouvez le T\u00e9l\u00e9charger et l&rsquo;Enregistrer sur un dossier de votre PC Portable et suivre les indications fournies sur la feuille \u00ab\u00a0Processus d&rsquo;Utilisation\u00a0\u00bb<\/strong> <\/p>\n\n\n\n<p style=\"font-size:19px\"><em>(R\u00e9pondre \u00ab\u00a0Activer la Modification, puis \u00ab\u00a0Activer le Contenu \u00a0\u00bb (bandeau jaune en haut) , puis \u00ab\u00a0Mettre \u00e0 Jour\u00a0\u00bb et \u00ab\u00a0Continuer\u00a0\u00bb dans les  bo\u00eetes de dialogue qui s&rsquo;ouvriront)<\/em><\/p>\n\n\n\n<div class=\"wp-block-file\"><a href=\"https:\/\/codep45-ffct-org.fr\/wp-content\/uploads\/2026\/04\/AIR-Route-Vtt-Gravel-Cyclo-Decouverte-2026-V9-26-7.xlsx\">AIR-Route-Vtt-Gravel-Cyclo-Decouverte-2026-V9-26-7<\/a><a href=\"https:\/\/codep45-ffct-org.fr\/wp-content\/uploads\/2026\/04\/AIR-Route-Vtt-Gravel-Cyclo-Decouverte-2026-V9-26-7.xlsx\" class=\"wp-block-file__button\" download>T\u00e9l\u00e9charger<\/a><\/div>\n","protected":false},"excerpt":{"rendered":"<p>Mise \u00e0 Jour : 12\/04\/2026 Les Inscriptions des Participants(tes) aux Randonn\u00e9es des Clubs Loir\u00e9tains, et principalement les licenci\u00e9s(es) FFCT, se font maintenant avec l&rsquo;outil PSGI de la F\u00e9d\u00e9ration. Afin de faciliter la saisie des \u00ab\u00a0Non[&#8230;]<\/p>\n","protected":false},"author":1,"featured_media":0,"parent":0,"menu_order":25,"comment_status":"closed","ping_status":"closed","template":"","meta":[],"_links":{"self":[{"href":"https:\/\/codep45-ffct-org.fr\/index.php\/wp-json\/wp\/v2\/pages\/3729"}],"collection":[{"href":"https:\/\/codep45-ffct-org.fr\/index.php\/wp-json\/wp\/v2\/pages"}],"about":[{"href":"https:\/\/codep45-ffct-org.fr\/index.php\/wp-json\/wp\/v2\/types\/page"}],"author":[{"embeddable":true,"href":"https:\/\/codep45-ffct-org.fr\/index.php\/wp-json\/wp\/v2\/users\/1"}],"replies":[{"embeddable":true,"href":"https:\/\/codep45-ffct-org.fr\/index.php\/wp-json\/wp\/v2\/comments?post=3729"}],"version-history":[{"count":57,"href":"https:\/\/codep45-ffct-org.fr\/index.php\/wp-json\/wp\/v2\/pages\/3729\/revisions"}],"predecessor-version":[{"id":6978,"href":"https:\/\/codep45-ffct-org.fr\/index.php\/wp-json\/wp\/v2\/pages\/3729\/revisions\/6978"}],"wp:attachment":[{"href":"https:\/\/codep45-ffct-org.fr\/index.php\/wp-json\/wp\/v2\/media?parent=3729"}],"curies":[{"name":"wp","href":"https:\/\/api.w.org\/{rel}","templated":true}]}}